) = -11*p(c) - 4*t(c). Is m(-4) a prime number?
False
Let g = 146040 + -62503. Is g a prime number?
True
Is (27 + 9361/(-69))*(-2199)/2 prime?
False
Suppose -46 + 36 = -2*m. Suppose 0 = m*h - 472 - 1783. Is h a composite number?
True
Let q(o) = 15*o**3 + 4*o**2 - 2*o + 3. Let m be q(3). Let w = m + -138. Suppose -w = -3*f + 471. Is f composite?
False
Let i be 4/12 - (-40)/(-12). Let q be (-1 - i - 13) + 2 + 2. Let v(k) = -3*k**3 + 9*k**2 - 11. Is v(q) a prime number?
True
Suppose u = -i + 27173, -23*u + 3*i + 54376 = -21*u. Is u composite?
False
Let x(h) = 9*h - 42. Let z be x(11). Let v(a) = 0*a**3 + 26*a - 11 + z*a**2 - 65*a**2 + a**3. Is v(12) a prime number?
True
Let z be 2 + (-2 - (-4 - (-1)/1)). Suppose -z*f = -24 + 399. Let t = f + 912. Is t a composite number?
False
Let m(w) = 32*w**2 - 19*w + 16. Let t be m(11). Let o = t + -1706. Is o prime?
True
Let d = -335 + 10. Let c(f) = 73*f**2 + f - 4. Let m be c(3). Let a = d + m. Is a a composite number?
False
Let c(a) = -a**3 - 8*a**2 - 16*a. Let j be c(-5). Suppose -h + 73 = -n - 16, -h + 73 = -j*n. Is h a composite number?
True
Let t = 34439 - 19210. Is t a composite number?
True
Let k(m) = 54*m + 5. Suppose 4*p + 5*v = 232, 0 = -5*p - 0*p + 2*v + 290. Let u = p - 50. Is k(u) a composite number?
True
Suppose 5*o = -3*k + 197486, 0 = -2*o + k + k + 79004. Is o a prime number?
True
Let b(g) = -1158*g**3 + 2*g**2 + 2*g + 1. Let x be b(-1). Let v be -6 + (-7 - -10) + -713. Let t = v + x. Is t a prime number?
True
Let h be (8/10)/((-424)/(-27030)). Suppose -5*v = -2*v - 228. Let y = v - h. Is y prime?
False
Is (-28)/(-4) - 81108/(-3) a prime number?
True
Let q be 10/(-25) - 4174/(-10). Let o = q - -681. Let i = o + -719. Is i a composite number?
False
Suppose -5 = -4*b + u + 18, -2*b = 4*u - 16. Suppose 2*m + 16 = b*m. Suppose -2*a - 2679 = -3*g, -5*g + a + m*a = -4460. Is g a composite number?
True
Suppose -20 = n - 4*n - 4*l, 4*l - 20 = -4*n. Let w be ((-9)/(-4))/(21/56). Suppose n*v + 3954 = w*v. Is v prime?
True
Let v = 4939 - 827. Suppose 0 = 4*t - 3*y - 715 - 3421, 3*y = -4*t + v. Is t prime?
True
Suppose -15*r - 2115 = -0*r. Let i = 1382 + r. Is i a composite number?
True
Is (7/(-42))/((-10)/(-10740))*2339/(-1) a composite number?
True
Let d = 2822522 - 1461551. Suppose -44*k + d = 400759. Is k prime?
False
Let u = 492743 + -257080. Is u a composite number?
False
Is (((-12)/(-18) - -1)/(3/342099))/1 composite?
True
Suppose -2*t = 8*t - 4100. Suppose 2*q - 135 = -5*p + 44, 5*p - t = -5*q. Is q a prime number?
False
Let c = 1239 + -1240. Let v be (-5)/3*(-23 - -2). Is (v - -3) + (-4 - c) a prime number?
False
Suppose -31*t + 35*t + 36 = 0. Let s(v) = -4*v - 42. Let m be s(t). Is m/9*(-58941)/18 a prime number?
False
Let f(j) = -j**2 - 3*j + 11. Suppose 2*r + 4*s - 6 = 0, s - 6 - 18 = 4*r. Let p be f(r). Is p/3*3*6352/8 a prime number?
False
Suppose -5*l + 13*l = -2631479 + 8930271. Is l a prime number?
False
Suppose 1365*w - 1394*w = -476400 - 191963. Is w prime?
False
Let p(m) = m**3 - 2*m**2 - 14*m - 2. Let y be p(5). Suppose 0 = 4*w + 16, -2*b - 3*b + 9203 = y*w. Is b composite?
True
Suppose 0*y - 863 = -3*a + y, -5*a + 1441 = -3*y. Suppose 284*s - a*s + 879 = 0. Is s a prime number?
True
Let w = 9646 - 2699. Is w prime?
True
Let g(b) = -2512*b**3 + 17*b**2 + 5*b + 31. Is g(-7) prime?
False
Let n be (-246)/4*-4*6/4. Suppose -n*l = -368*l - 3049. Is l a prime number?
True
Suppose -3*o + 21409 + 66593 = 0. Suppose -10*k + 29216 = -o. Is k composite?
True
Let w(f) = 2834*f**3 + f**2 - 2*f + 1. Let v be -2 + 5 + -4 + 2. Let n be w(v). Suppose -7*m + n + 3305 = 0. Is m composite?
False
Let t(a) = 5*a - 3*a**2 - a - 5 + 17*a**3 + 2. Let b = 5334 - 5332. Is t(b) a composite number?
True
Let k(r) = 24*r**2 + 30*r - 115. Let h = -122 + 100. Is k(h) a prime number?
False
Let u(p) = p**2 + 31*p + 150. Let t be u(-6). Suppose t = -4*v + 1493 + 3855. Is v composite?
True
Let s(a) = -473*a**3 - a**2 - 35*a - 22. Is s(-5) a composite number?
True
Suppose 864916 - 25399404 = -88*w. Is w a prime number?
True
Suppose u - 35303 = 2*c, -35312 = -7*u + 6*u + 5*c. Is u prime?
False
Let f(p) = 68948*p - 733. Is f(6) composite?
True
Suppose 24 = 6*o + 12. Is (-1 - (-1)/o)/(18/(-468)) a composite number?
False
Let r(k) = 121488*k + 2665. Is r(6) a composite number?
False
Let l be 3/((3/4)/1). Let h be (-4)/l*-7 + -2. Is (h/10)/(3734/(-1868) + 2) a prime number?
True
Suppose 178497 = 3*a + 4*m, -2*a = -832*m + 829*m - 119032. Is a a composite number?
True
Let r(g) = 13*g - 18. Suppose -2*y = s - 13, 0 = 2*y + 2*s - 0 - 18. Let l be r(y). Suppose 0 = l*m - 35*m + 409. Is m a prime number?
True
Suppose -3458 = -5*l + 5*q + 5532, -5*l + 2*q = -8990. Suppose -9896 - l = -6*n. Is n composite?
False
Let f = 73001 - -12468. Is f a prime number?
True
Let d be 0/(3/(-12)*4). Suppose -17*w + 39150 + 11697 = d. Is w a prime number?
False
Suppose 5*i = -x + 128127, x + 39 - 128158 = -3*i. Is x a prime number?
False
Let v(j) = -j**3 + 203*j**2 - 67*j + 160. Is v(-51) a composite number?
True
Suppose 74*c = 27573207 + 2119712 - 218793. Is c a composite number?
True
Let s be (-33)/(-22)*16/(-6). Let h be 6/12*s/(-2). Is ((-96)/h)/(-3) + 2 prime?
False
Suppose -90*j - 79*j = -114*j - 10041955. Is j prime?
False
Let y be 99 - (0 + (-5 - -3)). Let w = y + 1478. Suppose 3*n + 530 + w = 3*x, -3*x + 2113 = -2*n. Is x prime?
False
Suppose f + 76 = -4*r, -5*r + 2*r - 72 = f. Let p = -57 - f. Is (-8)/(80/(-15))*3158/p a composite number?
False
Suppose 0 = -7*b + 12*b. Is (2 - b)*-3*1402/(-12) composite?
False
Suppose 552*i + 565912 = 560*i. Is i a prime number?
False
Suppose 0*f + 20 = 5*f. Suppose 5*k = -f*a + 10, 4*a + 15 = a. Suppose -7*r + k*r - q + 581 = 0, r = 3*q + 589. Is r a composite number?
True
Let w(i) = -i**2 + 17*i + 60. Let n be w(20). Suppose 30*g - 169635 - 45315 = n. Is g prime?
False
Let p(s) = -s**3 + s**2 + 4*s + 10. Suppose 21 = -12*t + 19*t. Let k be p(t). Suppose 6*z - 4*c - 4097 = z, k*c = -3*z + 2471. Is z prime?
True
Suppose 93*c = 91*c + 10. Suppose -3*z - 2*f = -c*z + 2276, 0 = 2*z - 5*f - 2270. Let u = -79 + z. Is u a composite number?
False
Let w = -124 - -262. Let v = w + 5033. Is v composite?
False
Let i = -16 + 35. Let d(m) = 2*m - 33. Let v be d(i). Let z(h) = 2*h**2 + 3*h - 12. Is z(v) prime?
True
Let o be 18890/6 - 12/36. Suppose -a = -1, -o = 2*m + 3*a - 8953. Is m composite?
True
Suppose -2*q = -5*n - 5*q + 245689, 2*q = 5*n - 245699. Is n a prime number?
True
Let u(j) = 42*j**2 + j + 25. Suppose n + 34 = 6*n - f, 4 = 2*n + 2*f. Is u(n) a composite number?
False
Suppose 136*q - 32*q - 148684717 = -47*q. Is q a composite number?
False
Let z(h) = -9*h + 7 + 6*h - 3*h. Let x be -1 + (-1 - -4) + 4/(-1). Is z(x) a composite number?
False
Suppose -55470 = 4*t - 6*o + 3*o, 2*o + 41594 = -3*t. Let z = 20287 + t. Is z composite?
False
Let d be 1/(17002/4250 - 4). Suppose -6*y + d = -y. Suppose -h - y = -6*h - 5*l, -3*l = 2*h - 170. Is h a composite number?
True
Let b(p) = p**3 - 15*p**2 - 16*p + 2. Let i be b(16). Suppose -2 - i = -2*q. Suppose q*k - 2252 = -2*k. Is k composite?
False
Let x(s) = 1888*s**3 - 3*s + 4. Let o(r) = r**2 - 23*r + 43. Let b be o(21). Is x(b) a composite number?
False
Suppose s = -3*x + 2970, 21*s + 2*x = 16*s + 14811. Suppose 4*t = 22645 - 2877. Let i = t + s. Is i a composite number?
True
Suppose 4*n - 2*i = 42, -8*i + 15 = -5*i. Suppose -n*r + 26255 = -8*r. Is r composite?
True
Suppose 9*h - 13*h - 8 = 0. Is (2257 - (h - -3)) + 1 a composite number?
True
Suppose 4*a - 2*z + 7*z + 23 = 0, 3*a - 3*z = 3. Let q be (-27 - 11)*((-85)/(-2) - a). Let w = -554 - q. Is w a prime number?
False
Let j(i) be the first derivative of -69*i**2 - 275*i - 118. Is j(-41) a prime number?
False
Let y be (-9)/4*1 + 1/4. Let z be 80/8*y/((-20)/42). Suppose -3*p - z = -3*k, 9*k - 7*k - 10 = -4*p. Is k composite?
False
Suppose 0 = -3*d + 15, 10*d - 5*d - 34 = -3*p. Suppose 5*x = -4*n + 595, -p*n = -4*x - 0*x + 445. Is x composite?
True
Let g be 31 - ((-7)/(-4) + 18/(-24)). Suppose -w - g = -11*w. Suppose -q + f = -41, 2*f - 3*f - 117 = -w*q. Is q a composite number?
True
Suppose -5*h = -2*h + 3. Suppose -164*a + 45 = -166*a - 3*g, -3*g = 9. Is 20648/72 + (h - 22/a) prime?
False
Let o = -77985 - 